{"id":137,"date":"2017-03-28T23:48:09","date_gmt":"2017-03-28T21:48:09","guid":{"rendered":"http:\/\/checklerde.alfahosting.org\/aquarelle\/?page_id=137"},"modified":"2025-12-08T17:13:20","modified_gmt":"2025-12-08T16:13:20","slug":"malreisen","status":"publish","type":"page","link":"https:\/\/ch-eckler.de\/aquarelle\/malreisen\/","title":{"rendered":"Malreisen"},"content":{"rendered":"<h1>MALREISEN<\/h1>\n<p><i>Die Teilnahme an Malreisen setzt \u00dcbung im Pleinair-Malen voraus. Es wird nach M\u00f6glichkeit ausschlie\u00dflich im Freien gemalt.<\/i><\/p>\n<p>&nbsp;<\/p>\n<h4>JANUAR &#8211; AUGUST 2026<\/h4>\n<h2>16.- 30. Mai &nbsp;Provence, S\u00fcdfrankreich<\/h2>\n<p><img loading=\"lazy\" decoding=\"async\" class=\"size-medium wp-image-5060 alignleft\" src=\"https:\/\/ch-eckler.de\/aquarelle\/wp-content\/uploads\/Bildschirmfoto-2025-08-20-um-2.21.39.05-300x225.png\" alt=\"\" width=\"300\" height=\"225\" srcset=\"https:\/\/ch-eckler.de\/aquarelle\/wp-content\/uploads\/Bildschirmfoto-2025-08-20-um-2.21.39.05-300x225.png 300w, https:\/\/ch-eckler.de\/aquarelle\/wp-content\/uploads\/Bildschirmfoto-2025-08-20-um-2.21.39.05.png 491w\" sizes=\"auto, (max-width: 300px) 85vw, 300px\" \/><img loading=\"lazy\" decoding=\"async\" class=\"size-medium wp-image-5059 alignleft\" src=\"https:\/\/ch-eckler.de\/aquarelle\/wp-content\/uploads\/Rouss.1-Kopie-300x225.jpg\" alt=\"\" width=\"300\" height=\"225\" srcset=\"https:\/\/ch-eckler.de\/aquarelle\/wp-content\/uploads\/Rouss.1-Kopie-300x225.jpg 300w, https:\/\/ch-eckler.de\/aquarelle\/wp-content\/uploads\/Rouss.1-Kopie.jpg 425w\" sizes=\"auto, (max-width: 300px) 85vw, 300px\" \/><img loading=\"lazy\" decoding=\"async\" class=\"size-medium wp-image-5061 alignleft\" src=\"https:\/\/ch-eckler.de\/aquarelle\/wp-content\/uploads\/Bildschirmfoto-2025-11-25-um-13.44.23-300x229.png\" alt=\"\" width=\"300\" height=\"229\" srcset=\"https:\/\/ch-eckler.de\/aquarelle\/wp-content\/uploads\/Bildschirmfoto-2025-11-25-um-13.44.23-300x229.png 300w, https:\/\/ch-eckler.de\/aquarelle\/wp-content\/uploads\/Bildschirmfoto-2025-11-25-um-13.44.23.png 425w\" sizes=\"auto, (max-width: 300px) 85vw, 300px\" \/><\/p>\n<p>N\u00e4heres zur Malreise hier: <a href=\"https:\/\/ch-eckler.de\/aquarelle\/wp-content\/uploads\/Text-Provence.pdf\">Text Provence<\/a>, <a href=\"https:\/\/ch-eckler.de\/aquarelle\/wp-content\/uploads\/Bilder-1-3.pdf\">Bilder 1<\/a>, <a href=\"https:\/\/ch-eckler.de\/aquarelle\/wp-content\/uploads\/Bilder-2-2.pdf\">Bilder 2<\/a><\/p>\n<p>&nbsp;<\/p>\n<h4>VORSCHAU &nbsp;AUGUST &#8211; Dezember 2026<\/h4>\n<h2>September, 2 Wochen Nordportugal<\/h2>\n<hr>\n<p>Teilnahmebedingungen Malreisen: <a href=\"https:\/\/ch-eckler.de\/aquarelle\/wp-content\/uploads\/Teilnahmebedingungen-Malreisen.pdf\">hier<\/a><br \/>\n oder werden auf Anfrage bzw. bei Anmeldung zugesandt.<\/p>\n<p><a href=\"\/aquarelle\/kontakt\/\">Zur Anmeldung<\/a><\/p>\n","protected":false},"excerpt":{"rendered":"<p>MALREISEN Die Teilnahme an Malreisen setzt \u00dcbung im Pleinair-Malen voraus. Es wird nach M\u00f6glichkeit ausschlie\u00dflich im Freien gemalt. &nbsp; JANUAR &#8211; AUGUST 2026 16.- 30. Mai &nbsp;Provence, S\u00fcdfrankreich N\u00e4heres zur Malreise hier: Text Provence, Bilder 1, Bilder 2 &nbsp; VORSCHAU &nbsp;AUGUST &#8211; Dezember 2026 September, 2 Wochen Nordportugal Teilnahmebedingungen Malreisen: hier oder werden auf Anfrage &hellip; <a href=\"https:\/\/ch-eckler.de\/aquarelle\/malreisen\/\" class=\"more-link\"><span class=\"screen-reader-text\">\u201eMalreisen\u201c <\/span>weiterlesen<\/a><\/p>\n","protected":false},"author":2,"featured_media":742,"parent":0,"menu_order":33,"comment_status":"closed","ping_status":"closed","template":"","meta":{"ngg_post_thumbnail":0,"footnotes":""},"class_list":["post-137","page","type-page","status-publish","has-post-thumbnail","hentry"],"_links":{"self":[{"href":"https:\/\/ch-eckler.de\/aquarelle\/wp-json\/wp\/v2\/pages\/137","targetHints":{"allow":["GET"]}}],"collection":[{"href":"https:\/\/ch-eckler.de\/aquarelle\/wp-json\/wp\/v2\/pages"}],"about":[{"href":"https:\/\/ch-eckler.de\/aquarelle\/wp-json\/wp\/v2\/types\/page"}],"author":[{"embeddable":true,"href":"https:\/\/ch-eckler.de\/aquarelle\/wp-json\/wp\/v2\/users\/2"}],"replies":[{"embeddable":true,"href":"https:\/\/ch-eckler.de\/aquarelle\/wp-json\/wp\/v2\/comments?post=137"}],"version-history":[{"count":28,"href":"https:\/\/ch-eckler.de\/aquarelle\/wp-json\/wp\/v2\/pages\/137\/revisions"}],"predecessor-version":[{"id":5073,"href":"https:\/\/ch-eckler.de\/aquarelle\/wp-json\/wp\/v2\/pages\/137\/revisions\/5073"}],"wp:featuredmedia":[{"embeddable":true,"href":"https:\/\/ch-eckler.de\/aquarelle\/wp-json\/wp\/v2\/media\/742"}],"wp:attachment":[{"href":"https:\/\/ch-eckler.de\/aquarelle\/wp-json\/wp\/v2\/media?parent=137"}],"curies":[{"name":"wp","href":"https:\/\/api.w.org\/{rel}","templated":true}]}}

<h1>MALREISEN</h1>
<p><i>Die Teilnahme an Malreisen setzt Übung im Pleinair-Malen voraus. Es wird nach Möglichkeit ausschließlich im Freien gemalt.</i></p>
<p>&nbsp;</p>
<h4>JANUAR &#8211; AUGUST 2026</h4>
<h2>16.- 30. Mai &nbsp;Provence, Südfrankreich</h2>
<p><img loading="lazy" decoding="async" class="size-medium wp-image-5060 alignleft" src="https://ch-eckler.de/aquarelle/wp-content/uploads/Bildschirmfoto-2025-08-20-um-2.21.39.05-300x225.png" alt="" width="300" height="225" srcset="https://ch-eckler.de/aquarelle/wp-content/uploads/Bildschirmfoto-2025-08-20-um-2.21.39.05-300x225.png 300w, https://ch-eckler.de/aquarelle/wp-content/uploads/Bildschirmfoto-2025-08-20-um-2.21.39.05.png 491w" sizes="auto, (max-width: 300px) 85vw, 300px" /><img loading="lazy" decoding="async" class="size-medium wp-image-5059 alignleft" src="https://ch-eckler.de/aquarelle/wp-content/uploads/Rouss.1-Kopie-300x225.jpg" alt="" width="300" height="225" srcset="https://ch-eckler.de/aquarelle/wp-content/uploads/Rouss.1-Kopie-300x225.jpg 300w, https://ch-eckler.de/aquarelle/wp-content/uploads/Rouss.1-Kopie.jpg 425w" sizes="auto, (max-width: 300px) 85vw, 300px" /><img loading="lazy" decoding="async" class="size-medium wp-image-5061 alignleft" src="https://ch-eckler.de/aquarelle/wp-content/uploads/Bildschirmfoto-2025-11-25-um-13.44.23-300x229.png" alt="" width="300" height="229" srcset="https://ch-eckler.de/aquarelle/wp-content/uploads/Bildschirmfoto-2025-11-25-um-13.44.23-300x229.png 300w, https://ch-eckler.de/aquarelle/wp-content/uploads/Bildschirmfoto-2025-11-25-um-13.44.23.png 425w" sizes="auto, (max-width: 300px) 85vw, 300px" /></p>
<p>Näheres zur Malreise hier: <a href="https://ch-eckler.de/aquarelle/wp-content/uploads/Text-Provence.pdf">Text Provence</a>, <a href="https://ch-eckler.de/aquarelle/wp-content/uploads/Bilder-1-3.pdf">Bilder 1</a>, <a href="https://ch-eckler.de/aquarelle/wp-content/uploads/Bilder-2-2.pdf">Bilder 2</a></p>
<p>&nbsp;</p>
<h4>VORSCHAU &nbsp;AUGUST &#8211; Dezember 2026</h4>
<h2>September, 2 Wochen Nordportugal</h2>
<hr>
<p>Teilnahmebedingungen Malreisen: <a href="https://ch-eckler.de/aquarelle/wp-content/uploads/Teilnahmebedingungen-Malreisen.pdf">hier</a><br />
 oder werden auf Anfrage bzw. bei Anmeldung zugesandt.</p>
<p><a href="/aquarelle/kontakt/">Zur Anmeldung</a></p>

<p>MALREISEN Die Teilnahme an Malreisen setzt Übung im Pleinair-Malen voraus. Es wird nach Möglichkeit ausschließlich im Freien gemalt. &nbsp; JANUAR &#8211; AUGUST 2026 16.- 30. Mai &nbsp;Provence, Südfrankreich Näheres zur Malreise hier: Text Provence, Bilder 1, Bilder 2 &nbsp; VORSCHAU &nbsp;AUGUST &#8211; Dezember 2026 September, 2 Wochen Nordportugal Teilnahmebedingungen Malreisen: hier oder werden auf Anfrage &hellip; <a href="https://ch-eckler.de/aquarelle/malreisen/" class="more-link"><span class="screen-reader-text">„Malreisen“ </span>weiterlesen</a></p>
