{"id":95,"date":"2017-03-27T13:03:00","date_gmt":"2017-03-27T11:03:00","guid":{"rendered":"http:\/\/checklerde.alfahosting.org\/aquarelle\/?page_id=95"},"modified":"2017-11-17T16:14:18","modified_gmt":"2017-11-17T15:14:18","slug":"kontakt","status":"publish","type":"page","link":"https:\/\/ch-eckler.de\/aquarelle\/kontakt\/","title":{"rendered":"KONTAKT"},"content":{"rendered":"<h1><img loading=\"lazy\" decoding=\"async\" class=\"size-medium wp-image-97 alignleft\" title=\"Kontakt\" src=\"http:\/\/ch-eckler.de\/aquarelle\/wp-content\/uploads\/Kontakt-300x219.jpg\" height=\"219\" width=\"300\" srcset=\"https:\/\/ch-eckler.de\/aquarelle\/wp-content\/uploads\/Kontakt-300x219.jpg 300w, https:\/\/ch-eckler.de\/aquarelle\/wp-content\/uploads\/Kontakt-768x560.jpg 768w, https:\/\/ch-eckler.de\/aquarelle\/wp-content\/uploads\/Kontakt.jpg 800w\" sizes=\"auto, (max-width: 300px) 85vw, 300px\" \/>Kontakt und Impressum<\/h1>\n<p>Christian Eckler<br \/>\nRosa-Aschenbrenner-Bogen 11<br \/>\nD-80797 M\u00fcnchen<\/p>\n<p>Tel. +49 (0)89 \/ 272 44 68<\/p>\n<p><a href=\"mailto:eckler%40ch-eckler.de\">E-Mail<\/a><\/p>\n<p>&nbsp;<\/p>\n<p>&nbsp;<\/p>\n<p>MDStV Inhaltlich Verantwortlicher gem\u00e4\u00df \u00a7 10 Absatz 3 MDStV: Christian Eckler<\/p>\n<p><strong>Haftungshinweis:<\/strong><br \/>\nTrotz sorgf\u00e4ltiger inhaltlicher Kontrolle \u00fcbernehme ich keine Haftung f\u00fcr die Inhalte externer Links. F\u00fcr den Inhalt der verlinkten Seiten sind ausschlie\u00dflich deren Betreiber verantwortlich.<\/p>\n<p><strong>Copyright:<\/strong><br \/>\nDie hier dargestellten Bilder unterliegen dem Urheberrecht und d\u00fcrfen ohne mein schriftliches Einverst\u00e4ndnis nicht anderweitig verwendet werden.<\/p>\n<p><strong>Untersagung von Werbung:<\/strong><br \/>\nHiermit widerspreche ich der Nutzung oder \u00dcbermittlung meiner Daten f\u00fcr Werbezwecke gem\u00e4\u00df Par. 28 Abs. 3 Bundesdatenschutzgesetz. Insbesondere ist es untersagt, an die auf dieser Internet-Pr\u00e4senz angegebenen E-Mail-Adressen unverlangte Werbung zu senden.<br \/>\nUnsolicited commercial email is not permitted at all addresses found on this website and will be prosecuted.<\/p>\n<p>Diese Webpr\u00e4senz wird betreut von: <a href=\"http:\/\/webdesign.gundelfisch.de\" target=\"_blank\">gundelfisch<\/a><\/p>\n","protected":false},"excerpt":{"rendered":"<p>Kontakt und Impressum Christian Eckler Rosa-Aschenbrenner-Bogen 11 D-80797 M\u00fcnchen Tel. +49 (0)89 \/ 272 44 68 E-Mail &nbsp; &nbsp; MDStV Inhaltlich Verantwortlicher gem\u00e4\u00df \u00a7 10 Absatz 3 MDStV: Christian Eckler Haftungshinweis: Trotz sorgf\u00e4ltiger inhaltlicher Kontrolle \u00fcbernehme ich keine Haftung f\u00fcr die Inhalte externer Links. F\u00fcr den Inhalt der verlinkten Seiten sind ausschlie\u00dflich deren Betreiber verantwortlich. &hellip; <a href=\"https:\/\/ch-eckler.de\/aquarelle\/kontakt\/\" class=\"more-link\"><span class=\"screen-reader-text\">\u201eKONTAKT\u201c <\/span>weiterlesen<\/a><\/p>\n","protected":false},"author":2,"featured_media":0,"parent":0,"menu_order":80,"comment_status":"closed","ping_status":"closed","template":"","meta":{"ngg_post_thumbnail":0,"footnotes":""},"class_list":["post-95","page","type-page","status-publish","hentry"],"_links":{"self":[{"href":"https:\/\/ch-eckler.de\/aquarelle\/wp-json\/wp\/v2\/pages\/95","targetHints":{"allow":["GET"]}}],"collection":[{"href":"https:\/\/ch-eckler.de\/aquarelle\/wp-json\/wp\/v2\/pages"}],"about":[{"href":"https:\/\/ch-eckler.de\/aquarelle\/wp-json\/wp\/v2\/types\/page"}],"author":[{"embeddable":true,"href":"https:\/\/ch-eckler.de\/aquarelle\/wp-json\/wp\/v2\/users\/2"}],"replies":[{"embeddable":true,"href":"https:\/\/ch-eckler.de\/aquarelle\/wp-json\/wp\/v2\/comments?post=95"}],"version-history":[{"count":0,"href":"https:\/\/ch-eckler.de\/aquarelle\/wp-json\/wp\/v2\/pages\/95\/revisions"}],"wp:attachment":[{"href":"https:\/\/ch-eckler.de\/aquarelle\/wp-json\/wp\/v2\/media?parent=95"}],"curies":[{"name":"wp","href":"https:\/\/api.w.org\/{rel}","templated":true}]}}

<h1><img loading="lazy" decoding="async" class="size-medium wp-image-97 alignleft" title="Kontakt" src="http://ch-eckler.de/aquarelle/wp-content/uploads/Kontakt-300x219.jpg" height="219" width="300" srcset="https://ch-eckler.de/aquarelle/wp-content/uploads/Kontakt-300x219.jpg 300w, https://ch-eckler.de/aquarelle/wp-content/uploads/Kontakt-768x560.jpg 768w, https://ch-eckler.de/aquarelle/wp-content/uploads/Kontakt.jpg 800w" sizes="auto, (max-width: 300px) 85vw, 300px" />Kontakt und Impressum</h1>
<p>Christian Eckler<br />
Rosa-Aschenbrenner-Bogen 11<br />
D-80797 München</p>
<p>Tel. +49 (0)89 / 272 44 68</p>
<p><a href="mailto:eckler%40ch-eckler.de">E-Mail</a></p>
<p>&nbsp;</p>
<p>&nbsp;</p>
<p>MDStV Inhaltlich Verantwortlicher gemäß § 10 Absatz 3 MDStV: Christian Eckler</p>
<p><strong>Haftungshinweis:</strong><br />
Trotz sorgfältiger inhaltlicher Kontrolle übernehme ich keine Haftung für die Inhalte externer Links. Für den Inhalt der verlinkten Seiten sind ausschließlich deren Betreiber verantwortlich.</p>
<p><strong>Copyright:</strong><br />
Die hier dargestellten Bilder unterliegen dem Urheberrecht und dürfen ohne mein schriftliches Einverständnis nicht anderweitig verwendet werden.</p>
<p><strong>Untersagung von Werbung:</strong><br />
Hiermit widerspreche ich der Nutzung oder Übermittlung meiner Daten für Werbezwecke gemäß Par. 28 Abs. 3 Bundesdatenschutzgesetz. Insbesondere ist es untersagt, an die auf dieser Internet-Präsenz angegebenen E-Mail-Adressen unverlangte Werbung zu senden.<br />
Unsolicited commercial email is not permitted at all addresses found on this website and will be prosecuted.</p>
<p>Diese Webpräsenz wird betreut von: <a href="http://webdesign.gundelfisch.de" target="_blank">gundelfisch</a></p>

<p>Kontakt und Impressum Christian Eckler Rosa-Aschenbrenner-Bogen 11 D-80797 München Tel. +49 (0)89 / 272 44 68 E-Mail &nbsp; &nbsp; MDStV Inhaltlich Verantwortlicher gemäß § 10 Absatz 3 MDStV: Christian Eckler Haftungshinweis: Trotz sorgfältiger inhaltlicher Kontrolle übernehme ich keine Haftung für die Inhalte externer Links. Für den Inhalt der verlinkten Seiten sind ausschließlich deren Betreiber verantwortlich. &hellip; <a href="https://ch-eckler.de/aquarelle/kontakt/" class="more-link"><span class="screen-reader-text">„KONTAKT“ </span>weiterlesen</a></p>
